{"id":22,"date":"2023-03-21T11:02:55","date_gmt":"2023-03-21T10:02:55","guid":{"rendered":"https:\/\/beauty-bike.fr\/?page_id=22"},"modified":"2023-06-03T08:14:03","modified_gmt":"2023-06-03T06:14:03","slug":"aquabike","status":"publish","type":"page","link":"https:\/\/beauty-bike.fr\/index.php\/aquabike\/","title":{"rendered":"Aquabike"},"content":{"rendered":"\n<div class=\"wp-block-eds-animate-it-block eds-animate-block-save\"><div class=\"eds-animate animated edsanimate-sis-hidden  \" data-eds-entry-animation=\"fadeIn\" data-eds-entry-delay=\"0\" data-eds-entry-duration=\"1\" data-eds-entry-timing=\"linear\" data-eds-exit-animation=\"\" data-eds-exit-delay=\"0\" data-eds-exit-duration=\"0.5\" data-eds-exit-timing=\"linear\" data-eds-repeat-count=\"1\" data-eds-keep=\"yes\" data-eds-animate-on=\"scroll\" data-eds-scroll-offset=\"50\">\n<h2 class=\"wp-block-heading has-text-color has-large-font-size\" style=\"color:#316c7e\"><strong>L&#8217;aquabike, qu&#8217;est-ce que c&#8217;est ?<\/strong><\/h2>\n<\/div><\/div>\n\n\n\n<div class=\"wp-block-eds-animate-it-block eds-animate-block-save\"><div class=\"eds-animate animated edsanimate-sis-hidden  \" data-eds-entry-animation=\"fadeIn\" data-eds-entry-delay=\"0.5\" data-eds-entry-duration=\"1\" data-eds-entry-timing=\"linear\" data-eds-exit-animation=\"\" data-eds-exit-delay=\"0\" data-eds-exit-duration=\"0.5\" data-eds-exit-timing=\"linear\" data-eds-repeat-count=\"1\" data-eds-keep=\"yes\" data-eds-animate-on=\"scroll\" data-eds-scroll-offset=\"50\">\n<p class=\"has-text-align-left\">L\u2019aquabike Individuel, un proc\u00e9d\u00e9 \u00ab 3 en 1 \u00bb qui associe les bienfaits de l\u2019eau, du v\u00e9lo et de l\u2019hydromassage&nbsp;!<\/p>\n\n\n\n<p class=\"has-text-align-left\">D\u00e9couvrez ou red\u00e9couvrez le plaisir de pratiquer du sport!<\/p>\n\n\n\n<p class=\"has-text-align-left\">L\u2019aquabike sera votre meilleur alli\u00e9 pour pratiquer une activit\u00e9 sportive douce car cette activit\u00e9 ne provoque pas ou peu de courbature. C\u2019est un sport doux \u00e0 la fois pour les muscles et pour les articulations. <\/p>\n\n\n\n<p>L\u2019aquabike peut \u00e9galement \u00eatre un compl\u00e9ment \u00e0 une autre activit\u00e9 physique.<\/p>\n\n\n\n<p><\/p>\n\n\n\n<p><\/p>\n\n\n\n<p class=\"has-text-align-left\">Finis les cours collectifs, p\u00e9dalez dans l\u2019eau en toute libert\u00e9 ! <\/p>\n\n\n\n<p class=\"has-text-align-left\">Beauty Bike vous offre la possibilit\u00e9 de faire de l\u2019aquabike dans une cabine individuelle. <\/p>\n\n\n\n<p class=\"has-text-align-left\">Ce n\u2019est pas un luxe mais bel et bien une opportunit\u00e9 de se surpasser. Seul(e) dans une cabine, vous n\u2019aurez qu\u2019a vous pr\u00e9occuper <a href=\"https:\/\/www.santemagazine.fr\/beaute-forme\/sport\/quels-sont-les-bienfaits-de-laquabike-923343\">des bienfaits de l\u2019aquabike<\/a>.<\/p>\n\n\n\n<p>La cabine individuelle vous permet de ne pas \u00eatre g\u00ean\u00e9(e)s par le regard des autres, vous pouvez choisir votre temp\u00e9rature, la vid\u00e9o que vous souhaitez suivre pendant votre s\u00e9ance selon votre envie et objectif \u00e0 atteindre.<\/p>\n\n\n\n<p>Vous profitez de jets hydromassants pour un massage de vos jambes, cuisses, mollets, dos et fessiers pour un effet bien-\u00eatre garanti, une am\u00e9lioration de la circulation sanguine et une peau plus lisse.<\/p>\n\n\n\n<p class=\"has-text-align-left\">Chez Beauty Bike, vous b\u00e9n\u00e9ficiez d\u2019un accompagnement personnalis\u00e9. Quel que soit votre objectif&nbsp;: remise en forme, amincissement, r\u00e9cup\u00e9ration physique, am\u00e9lioration de la circulation sanguine, ou diminution de la cellulite , <a href=\"https:\/\/beauty-bike.fr\/\">Edwige et Cindy<\/a> seront pr\u00e9sentes pour vous aider \u00e0 l\u2019atteindre&nbsp;! Passionn\u00e9es de sport, vous serez guid\u00e9(e)s par de vraies expertes&nbsp;! Pendant la s\u00e9ance, un coaching vid\u00e9o vous sera propos\u00e9, 3 niveaux diff\u00e9rents sont disponibles. Ainsi, vous vivrez une vraie exp\u00e9rience immersive dans le monde de l\u2019aquabiking&nbsp;!<\/p>\n\n\n\n<p class=\"has-text-align-left\">Vous \u00eates convaincus ? <a href=\"https:\/\/beauty-bike.fr\/index.php\/contact-2\/\">Offrez-vous votre s\u00e9ance d&#8217;essai.<\/a><\/p>\n\n\n\n<p class=\"has-text-align-left\">Quoi de mieux apr\u00e8s une s\u00e9ance de sport que de se d\u00e9tendre&nbsp;? Vous pourrez vous pr\u00e9lasser dans notre <a href=\"https:\/\/beauty-bike.fr\/index.php\/sauna-infrarouge\/\">sauna infrarouge<\/a> (sur rendez-vous) apr\u00e8s vos s\u00e9ances d\u2019aquabike ou \u00e0 un autre moment.<\/p>\n\n\n\n<p><\/p>\n\n\n\n<p>Vous n&#8217;osez pas venir seul(e)? <\/p>\n\n\n\n<p>Chez Beauty Bike, &#8220;la cabine duo&#8221; d&#8217;aquabike vous permet de  p\u00e9daler avec un(e) ami(e) pour plus de convivialit\u00e9.<\/p>\n\n\n\n<p>Si vous souhaitez r\u00e9aliser une s\u00e9ance en duo, merci de nous contacter au  06 88 88 35 58 ou par mail: beautybike25@gmail.com<\/p>\n<\/div><\/div>\n\n\n\n<div style=\"height:27px\" aria-hidden=\"true\" class=\"wp-block-spacer\"><\/div>\n\n\n\n<div class=\"wp-block-columns alignwide is-layout-flex wp-container-core-columns-is-layout-28f84493 wp-block-columns-is-layout-flex\">\n<div class=\"wp-block-column is-layout-flow wp-block-column-is-layout-flow\">\n<div class=\"wp-block-eds-animate-it-block eds-animate-block-save\"><div class=\"eds-animate animated edsanimate-sis-hidden  \" data-eds-entry-animation=\"fadeIn\" data-eds-entry-delay=\"1\" data-eds-entry-duration=\"1\" data-eds-entry-timing=\"linear\" data-eds-exit-animation=\"\" data-eds-exit-delay=\"0\" data-eds-exit-duration=\"0.5\" data-eds-exit-timing=\"linear\" data-eds-repeat-count=\"1\" data-eds-keep=\"yes\" data-eds-animate-on=\"scroll\" data-eds-scroll-offset=\"20\">\n<figure class=\"wp-block-image size-large is-resized\"><img loading=\"lazy\" decoding=\"async\" src=\"https:\/\/beauty-bike.fr\/wp-content\/uploads\/2023\/03\/Chambre_simple_aquabike-transformed-1024x683.jpeg\" alt=\"\" class=\"wp-image-105\" width=\"1024\" height=\"683\" srcset=\"https:\/\/beauty-bike.fr\/wp-content\/uploads\/2023\/03\/Chambre_simple_aquabike-transformed-1024x683.jpeg 1024w, https:\/\/beauty-bike.fr\/wp-content\/uploads\/2023\/03\/Chambre_simple_aquabike-transformed-600x400.jpeg 600w, https:\/\/beauty-bike.fr\/wp-content\/uploads\/2023\/03\/Chambre_simple_aquabike-transformed-300x200.jpeg 300w, https:\/\/beauty-bike.fr\/wp-content\/uploads\/2023\/03\/Chambre_simple_aquabike-transformed-768x512.jpeg 768w, https:\/\/beauty-bike.fr\/wp-content\/uploads\/2023\/03\/Chambre_simple_aquabike-transformed-1536x1025.jpeg 1536w, https:\/\/beauty-bike.fr\/wp-content\/uploads\/2023\/03\/Chambre_simple_aquabike-transformed-2048x1366.jpeg 2048w, https:\/\/beauty-bike.fr\/wp-content\/uploads\/2023\/03\/Chambre_simple_aquabike-transformed-2000x1334.jpeg 2000w\" sizes=\"auto, (max-width: 1024px) 100vw, 1024px\" \/><\/figure>\n<\/div><\/div>\n<\/div>\n\n\n\n<div class=\"wp-block-column is-layout-flow wp-block-column-is-layout-flow\">\n<div class=\"wp-block-eds-animate-it-block eds-animate-block-save\"><div class=\"eds-animate animated edsanimate-sis-hidden  \" data-eds-entry-animation=\"fadeIn\" data-eds-entry-delay=\"1.5\" data-eds-entry-duration=\"1\" data-eds-entry-timing=\"linear\" data-eds-exit-animation=\"\" data-eds-exit-delay=\"0\" data-eds-exit-duration=\"0.5\" data-eds-exit-timing=\"linear\" data-eds-repeat-count=\"1\" data-eds-keep=\"yes\" data-eds-animate-on=\"scroll\" data-eds-scroll-offset=\"20\">\n<figure class=\"wp-block-image size-large\"><img loading=\"lazy\" decoding=\"async\" width=\"1024\" height=\"683\" src=\"https:\/\/beauty-bike.fr\/wp-content\/uploads\/2023\/03\/Aquabike-duo-1-1024x683.jpg\" alt=\"\" class=\"wp-image-109\" srcset=\"https:\/\/beauty-bike.fr\/wp-content\/uploads\/2023\/03\/Aquabike-duo-1-1024x683.jpg 1024w, https:\/\/beauty-bike.fr\/wp-content\/uploads\/2023\/03\/Aquabike-duo-1-600x400.jpg 600w, https:\/\/beauty-bike.fr\/wp-content\/uploads\/2023\/03\/Aquabike-duo-1-300x200.jpg 300w, https:\/\/beauty-bike.fr\/wp-content\/uploads\/2023\/03\/Aquabike-duo-1-768x512.jpg 768w, https:\/\/beauty-bike.fr\/wp-content\/uploads\/2023\/03\/Aquabike-duo-1-1536x1025.jpg 1536w\" sizes=\"auto, (max-width: 1024px) 100vw, 1024px\" \/><\/figure>\n<\/div><\/div>\n<\/div>\n<\/div>\n\n\n\n<hr class=\"wp-block-separator has-alpha-channel-opacity\"\/>\n\n\n\n<div class=\"wp-block-columns is-layout-flex wp-container-core-columns-is-layout-28f84493 wp-block-columns-is-layout-flex\">\n<div class=\"wp-block-column is-layout-flow wp-block-column-is-layout-flow\" style=\"flex-basis:25%\"><\/div>\n\n\n\n<div class=\"wp-block-column is-layout-flow wp-block-column-is-layout-flow\" style=\"flex-basis:50%\">\n<div class=\"wp-block-eds-animate-it-block eds-animate-block-save\"><div class=\"eds-animate animated edsanimate-sis-hidden  \" data-eds-entry-animation=\"fadeIn\" data-eds-entry-delay=\"0\" data-eds-entry-duration=\"1\" data-eds-entry-timing=\"linear\" data-eds-exit-animation=\"\" data-eds-exit-delay=\"0\" data-eds-exit-duration=\"0.5\" data-eds-exit-timing=\"linear\" data-eds-repeat-count=\"1\" data-eds-keep=\"yes\" data-eds-animate-on=\"scroll\" data-eds-scroll-offset=\"20\">\n<figure class=\"wp-block-video\"><video height=\"1920\" style=\"aspect-ratio: 1080 \/ 1920;\" width=\"1080\" controls src=\"https:\/\/beauty-bike.fr\/wp-content\/uploads\/2023\/03\/Reel-Aquabike4-1.mp4\"><\/video><\/figure>\n<\/div><\/div>\n<\/div>\n\n\n\n<div class=\"wp-block-column is-layout-flow wp-block-column-is-layout-flow\" style=\"flex-basis:25%\"><\/div>\n<\/div>\n\n\n\n<div style=\"height:100px\" aria-hidden=\"true\" class=\"wp-block-spacer\"><\/div>\n\n\n\n<figure class=\"wp-block-embed alignwide is-type-video is-provider-youtube wp-block-embed-youtube wp-embed-aspect-16-9 wp-has-aspect-ratio\"><div class=\"wp-block-embed__wrapper\">\n<iframe loading=\"lazy\" title=\"Aquabiking en cabine individuelle chez Beauty Bike \u00e0 Besan\u00e7on.\" width=\"950\" height=\"534\" src=\"https:\/\/www.youtube.com\/embed\/Fzko3A_tOjs?feature=oembed\" frameborder=\"0\" allow=\"accelerometer; autoplay; clipboard-write; encrypted-media; gyroscope; picture-in-picture; web-share\" allowfullscreen><\/iframe>\n<\/div><\/figure>\n\n\n\n<div style=\"height:100px\" aria-hidden=\"true\" class=\"wp-block-spacer\"><\/div>\n","protected":false},"excerpt":{"rendered":"","protected":false},"author":1,"featured_media":104,"parent":0,"menu_order":0,"comment_status":"closed","ping_status":"closed","template":"","meta":{"footnotes":""},"class_list":["post-22","page","type-page","status-publish","has-post-thumbnail","hentry"],"yoast_head":"<!-- This site is optimized with the Yoast SEO plugin v27.4 - https:\/\/yoast.com\/product\/yoast-seo-wordpress\/ -->\n<title>Aquabike - BeautyBike<\/title>\n<meta name=\"description\" content=\"Aquabike en cabine individuelle, donnez vous les moyens d&#039;atteindre vos objectifs en pratiquant un sport doux mais efficace avec Beautybike !\" \/>\n<meta name=\"robots\" content=\"index, follow, max-snippet:-1, max-image-preview:large, max-video-preview:-1\" \/>\n<link rel=\"canonical\" href=\"https:\/\/beauty-bike.fr\/index.php\/aquabike\/\" \/>\n<meta property=\"og:locale\" content=\"en_US\" \/>\n<meta property=\"og:type\" content=\"article\" \/>\n<meta property=\"og:title\" content=\"Aquabike - BeautyBike\" \/>\n<meta property=\"og:description\" content=\"Aquabike en cabine individuelle, donnez vous les moyens d&#039;atteindre vos objectifs en pratiquant un sport doux mais efficace avec Beautybike !\" \/>\n<meta property=\"og:url\" content=\"https:\/\/beauty-bike.fr\/index.php\/aquabike\/\" \/>\n<meta property=\"og:site_name\" content=\"BeautyBike\" \/>\n<meta property=\"article:modified_time\" content=\"2023-06-03T06:14:03+00:00\" \/>\n<meta property=\"og:image\" content=\"https:\/\/beauty-bike.fr\/wp-content\/uploads\/2023\/03\/Aquabike-1-scaled.jpg\" \/>\n\t<meta property=\"og:image:width\" content=\"2560\" \/>\n\t<meta property=\"og:image:height\" content=\"1707\" \/>\n\t<meta property=\"og:image:type\" content=\"image\/jpeg\" \/>\n<meta name=\"twitter:card\" content=\"summary_large_image\" \/>\n<meta name=\"twitter:label1\" content=\"Est. reading time\" \/>\n\t<meta name=\"twitter:data1\" content=\"3 minutes\" \/>\n<script type=\"application\/ld+json\" class=\"yoast-schema-graph\">{\"@context\":\"https:\\\/\\\/schema.org\",\"@graph\":[{\"@type\":\"WebPage\",\"@id\":\"https:\\\/\\\/beauty-bike.fr\\\/index.php\\\/aquabike\\\/\",\"url\":\"https:\\\/\\\/beauty-bike.fr\\\/index.php\\\/aquabike\\\/\",\"name\":\"Aquabike - BeautyBike\",\"isPartOf\":{\"@id\":\"https:\\\/\\\/beauty-bike.fr\\\/#website\"},\"primaryImageOfPage\":{\"@id\":\"https:\\\/\\\/beauty-bike.fr\\\/index.php\\\/aquabike\\\/#primaryimage\"},\"image\":{\"@id\":\"https:\\\/\\\/beauty-bike.fr\\\/index.php\\\/aquabike\\\/#primaryimage\"},\"thumbnailUrl\":\"https:\\\/\\\/beauty-bike.fr\\\/wp-content\\\/uploads\\\/2023\\\/03\\\/Aquabike-1-scaled.jpg\",\"datePublished\":\"2023-03-21T10:02:55+00:00\",\"dateModified\":\"2023-06-03T06:14:03+00:00\",\"description\":\"Aquabike en cabine individuelle, donnez vous les moyens d'atteindre vos objectifs en pratiquant un sport doux mais efficace avec Beautybike !\",\"inLanguage\":\"en-US\",\"potentialAction\":[{\"@type\":\"ReadAction\",\"target\":[\"https:\\\/\\\/beauty-bike.fr\\\/index.php\\\/aquabike\\\/\"]}]},{\"@type\":\"ImageObject\",\"inLanguage\":\"en-US\",\"@id\":\"https:\\\/\\\/beauty-bike.fr\\\/index.php\\\/aquabike\\\/#primaryimage\",\"url\":\"https:\\\/\\\/beauty-bike.fr\\\/wp-content\\\/uploads\\\/2023\\\/03\\\/Aquabike-1-scaled.jpg\",\"contentUrl\":\"https:\\\/\\\/beauty-bike.fr\\\/wp-content\\\/uploads\\\/2023\\\/03\\\/Aquabike-1-scaled.jpg\",\"width\":2560,\"height\":1707},{\"@type\":\"WebSite\",\"@id\":\"https:\\\/\\\/beauty-bike.fr\\\/#website\",\"url\":\"https:\\\/\\\/beauty-bike.fr\\\/\",\"name\":\"BeautyBike\",\"description\":\"Votre centre d&#039;aquabike depuis 12 ans\",\"publisher\":{\"@id\":\"https:\\\/\\\/beauty-bike.fr\\\/#organization\"},\"potentialAction\":[{\"@type\":\"SearchAction\",\"target\":{\"@type\":\"EntryPoint\",\"urlTemplate\":\"https:\\\/\\\/beauty-bike.fr\\\/?s={search_term_string}\"},\"query-input\":{\"@type\":\"PropertyValueSpecification\",\"valueRequired\":true,\"valueName\":\"search_term_string\"}}],\"inLanguage\":\"en-US\"},{\"@type\":\"Organization\",\"@id\":\"https:\\\/\\\/beauty-bike.fr\\\/#organization\",\"name\":\"BeautyBike\",\"url\":\"https:\\\/\\\/beauty-bike.fr\\\/\",\"logo\":{\"@type\":\"ImageObject\",\"inLanguage\":\"en-US\",\"@id\":\"https:\\\/\\\/beauty-bike.fr\\\/#\\\/schema\\\/logo\\\/image\\\/\",\"url\":\"https:\\\/\\\/beauty-bike.fr\\\/wp-content\\\/uploads\\\/2023\\\/04\\\/cropped-Logo-BeautyBike-contour.png\",\"contentUrl\":\"https:\\\/\\\/beauty-bike.fr\\\/wp-content\\\/uploads\\\/2023\\\/04\\\/cropped-Logo-BeautyBike-contour.png\",\"width\":924,\"height\":231,\"caption\":\"BeautyBike\"},\"image\":{\"@id\":\"https:\\\/\\\/beauty-bike.fr\\\/#\\\/schema\\\/logo\\\/image\\\/\"}}]}<\/script>\n<!-- \/ Yoast SEO plugin. -->","yoast_head_json":{"title":"Aquabike - BeautyBike","description":"Aquabike en cabine individuelle, donnez vous les moyens d'atteindre vos objectifs en pratiquant un sport doux mais efficace avec Beautybike !","robots":{"index":"index","follow":"follow","max-snippet":"max-snippet:-1","max-image-preview":"max-image-preview:large","max-video-preview":"max-video-preview:-1"},"canonical":"https:\/\/beauty-bike.fr\/index.php\/aquabike\/","og_locale":"en_US","og_type":"article","og_title":"Aquabike - BeautyBike","og_description":"Aquabike en cabine individuelle, donnez vous les moyens d'atteindre vos objectifs en pratiquant un sport doux mais efficace avec Beautybike !","og_url":"https:\/\/beauty-bike.fr\/index.php\/aquabike\/","og_site_name":"BeautyBike","article_modified_time":"2023-06-03T06:14:03+00:00","og_image":[{"width":2560,"height":1707,"url":"https:\/\/beauty-bike.fr\/wp-content\/uploads\/2023\/03\/Aquabike-1-scaled.jpg","type":"image\/jpeg"}],"twitter_card":"summary_large_image","twitter_misc":{"Est. reading time":"3 minutes"},"schema":{"@context":"https:\/\/schema.org","@graph":[{"@type":"WebPage","@id":"https:\/\/beauty-bike.fr\/index.php\/aquabike\/","url":"https:\/\/beauty-bike.fr\/index.php\/aquabike\/","name":"Aquabike - BeautyBike","isPartOf":{"@id":"https:\/\/beauty-bike.fr\/#website"},"primaryImageOfPage":{"@id":"https:\/\/beauty-bike.fr\/index.php\/aquabike\/#primaryimage"},"image":{"@id":"https:\/\/beauty-bike.fr\/index.php\/aquabike\/#primaryimage"},"thumbnailUrl":"https:\/\/beauty-bike.fr\/wp-content\/uploads\/2023\/03\/Aquabike-1-scaled.jpg","datePublished":"2023-03-21T10:02:55+00:00","dateModified":"2023-06-03T06:14:03+00:00","description":"Aquabike en cabine individuelle, donnez vous les moyens d'atteindre vos objectifs en pratiquant un sport doux mais efficace avec Beautybike !","inLanguage":"en-US","potentialAction":[{"@type":"ReadAction","target":["https:\/\/beauty-bike.fr\/index.php\/aquabike\/"]}]},{"@type":"ImageObject","inLanguage":"en-US","@id":"https:\/\/beauty-bike.fr\/index.php\/aquabike\/#primaryimage","url":"https:\/\/beauty-bike.fr\/wp-content\/uploads\/2023\/03\/Aquabike-1-scaled.jpg","contentUrl":"https:\/\/beauty-bike.fr\/wp-content\/uploads\/2023\/03\/Aquabike-1-scaled.jpg","width":2560,"height":1707},{"@type":"WebSite","@id":"https:\/\/beauty-bike.fr\/#website","url":"https:\/\/beauty-bike.fr\/","name":"BeautyBike","description":"Votre centre d&#039;aquabike depuis 12 ans","publisher":{"@id":"https:\/\/beauty-bike.fr\/#organization"},"potentialAction":[{"@type":"SearchAction","target":{"@type":"EntryPoint","urlTemplate":"https:\/\/beauty-bike.fr\/?s={search_term_string}"},"query-input":{"@type":"PropertyValueSpecification","valueRequired":true,"valueName":"search_term_string"}}],"inLanguage":"en-US"},{"@type":"Organization","@id":"https:\/\/beauty-bike.fr\/#organization","name":"BeautyBike","url":"https:\/\/beauty-bike.fr\/","logo":{"@type":"ImageObject","inLanguage":"en-US","@id":"https:\/\/beauty-bike.fr\/#\/schema\/logo\/image\/","url":"https:\/\/beauty-bike.fr\/wp-content\/uploads\/2023\/04\/cropped-Logo-BeautyBike-contour.png","contentUrl":"https:\/\/beauty-bike.fr\/wp-content\/uploads\/2023\/04\/cropped-Logo-BeautyBike-contour.png","width":924,"height":231,"caption":"BeautyBike"},"image":{"@id":"https:\/\/beauty-bike.fr\/#\/schema\/logo\/image\/"}}]}},"jetpack_sharing_enabled":true,"_links":{"self":[{"href":"https:\/\/beauty-bike.fr\/index.php\/wp-json\/wp\/v2\/pages\/22","targetHints":{"allow":["GET"]}}],"collection":[{"href":"https:\/\/beauty-bike.fr\/index.php\/wp-json\/wp\/v2\/pages"}],"about":[{"href":"https:\/\/beauty-bike.fr\/index.php\/wp-json\/wp\/v2\/types\/page"}],"author":[{"embeddable":true,"href":"https:\/\/beauty-bike.fr\/index.php\/wp-json\/wp\/v2\/users\/1"}],"replies":[{"embeddable":true,"href":"https:\/\/beauty-bike.fr\/index.php\/wp-json\/wp\/v2\/comments?post=22"}],"version-history":[{"count":58,"href":"https:\/\/beauty-bike.fr\/index.php\/wp-json\/wp\/v2\/pages\/22\/revisions"}],"predecessor-version":[{"id":725,"href":"https:\/\/beauty-bike.fr\/index.php\/wp-json\/wp\/v2\/pages\/22\/revisions\/725"}],"wp:featuredmedia":[{"embeddable":true,"href":"https:\/\/beauty-bike.fr\/index.php\/wp-json\/wp\/v2\/media\/104"}],"wp:attachment":[{"href":"https:\/\/beauty-bike.fr\/index.php\/wp-json\/wp\/v2\/media?parent=22"}],"curies":[{"name":"wp","href":"https:\/\/api.w.org\/{rel}","templated":true}]}}